{"id":229710,"date":"2018-11-05T08:57:42","date_gmt":"2018-11-05T08:57:42","guid":{"rendered":"http:\/\/brainbizz.webgeniuslab.net\/?page_id=543"},"modified":"2021-09-02T14:12:10","modified_gmt":"2021-09-02T12:12:10","slug":"about-us","status":"publish","type":"page","link":"https:\/\/cimko.cd\/?page_id=229710","title":{"rendered":"A Propos de nous"},"content":{"rendered":"[vc_row el_class=&#8221;overlay-responsive-1&#8243; css=&#8221;.vc_custom_1541574243236{margin-bottom: -210px !important;}&#8221;][vc_column][wgl_double_headings align=&#8221;center&#8221; title_color=&#8221;#151515&#8243; subtitle_color=&#8221;#22a2d1&#8243; title=&#8221;Ce qui Nous Rend Unique&#8221; subtitle=&#8221;A Propos de nous&#8221;][wgl_spacing spacer_size=&#8221;24&#8243;][vc_row_inner][vc_column_inner offset=&#8221;vc_col-lg-offset-1 vc_col-lg-10&#8243;][vc_column_text]\n<p style=\"text-align: left;\">Construite dans la province du Kongo Central entre Kinshasa et Matadi au terme d\u2019un chantier qui aura dur\u00e9 2 ans, <strong>CIMKO<\/strong> est l\u2019un des nouveaux acteurs de r\u00e9f\u00e9rence. L\u2019usine est situ\u00e9e \u00e0 250 kilom\u00e8tres de la capitale et elle r\u00e9pond aux <span style=\"font-size: 16px;\">normes et standards internationaux.<\/span><\/p>\n<p style=\"text-align: left;\"><strong>Nous sommes fiers d&#8217;\u00eatre certifi\u00e9s <span style=\"font-size: 14pt;\"><a href=\"https:\/\/cimko.cd\/wp-content\/uploads\/2021\/05\/Groupe.pdf\">ISO 14001<\/a><\/span><\/strong><\/p>\n<p>La norme <strong>ISO 14001<\/strong> constitue un cadre d\u00e9finissant des r\u00e8gles d&#8217;int\u00e9gration des pr\u00e9occupations environnementales dans les activit\u00e9s de l&#8217;organisme afin de ma\u00eetriser les impacts sur l&#8217;environnement et ainsi concilier les imp\u00e9ratifs de fonctionnement de l&#8217;organisme et de respect de l&#8217;environnement.[\/vc_column_text][\/vc_column_inner][\/vc_row_inner][wgl_spacing spacer_size=&#8221;42&#8243; screen_mobile=&#8221;440&#8243; responsive_mobile=&#8221;true&#8221; size_mobile=&#8221;105&#8243;][wgl_video_popup link=&#8221;https:\/\/www.youtube.com\/watch?v=7mGgi2047KI&amp;feature=youtu.be&#8221; bg_image=&#8221;229953&#8243; always_pulse_anim=&#8221;true&#8221;][\/vc_column][\/vc_row][vc_row full_width=&#8221;stretch_row&#8221; css=&#8221;.vc_custom_1626227640642{background-color: #2babe2 !important;}&#8221; el_class=&#8221;ovisible&#8221;][vc_column css=&#8221;.vc_custom_1541573917425{padding-top: 20px !important;}&#8221; el_class=&#8221;overlay-responsive-2&#8243;][wgl_spacing spacer_size=&#8221;20&#8243; screen_tablet=&#8221;767&#8243; responsive_tablet=&#8221;true&#8221; size_tablet=&#8221;235&#8243;][vc_row_inner][vc_column_inner width=&#8221;1\/2&#8243; offset=&#8221;vc_col-md-4&#8243;][wgl_info_box ib_type=&#8221;fill&#8221; ib_align=&#8221;center&#8221; icon_type=&#8221;font&#8221; icon_font_type=&#8221;type_flaticon&#8221; icon_flaticon=&#8221;flaticon-target&#8221; icon_bg_color_hover=&#8221;#ffffff&#8221; title_color=&#8221;#13557f&#8221; subtitle_color=&#8221;#ffffff&#8221; content_color=&#8221;#ffffff&#8221; ib_title=&#8221;MISSION&#8221; ib_content=&#8221;Fournir du ciment dans toute l\u2019\u00e9tendue nationale.&#8221; custom_icon_size=&#8221;51&#8243; custom_icon_radius=&#8221;55&#8243; custom_icon_bg_color=&#8221;true&#8221; custom_icon_bg_width=&#8221;92&#8243; custom_icon_bg_height=&#8221;92&#8243; custom_title_color=&#8221;true&#8221; custom_subtitle_color=&#8221;true&#8221; custom_content_color=&#8221;true&#8221;][wgl_spacing spacer_size=&#8221;30px&#8221;][\/vc_column_inner][vc_column_inner width=&#8221;1\/2&#8243; offset=&#8221;vc_col-md-4&#8243;][wgl_info_box ib_type=&#8221;fill&#8221; ib_align=&#8221;center&#8221; icon_type=&#8221;font&#8221; icon_font_type=&#8221;type_flaticon&#8221; icon_flaticon=&#8221;flaticon-head&#8221; icon_bg_color_hover=&#8221;#ffffff&#8221; title_color=&#8221;#13557f&#8221; subtitle_color=&#8221;#13557f&#8221; content_color=&#8221;#ffffff&#8221; ib_title=&#8221;USINE&#8221; ib_content=&#8221;Des installations modernes situ\u00e9es dans le t\u00e9rritoire de songololo, secteur de Luima.&#8221; custom_icon_size=&#8221;51&#8243; custom_icon_radius=&#8221;55&#8243; custom_icon_bg_color=&#8221;true&#8221; custom_icon_bg_width=&#8221;92&#8243; custom_icon_bg_height=&#8221;92&#8243; custom_title_color=&#8221;true&#8221; custom_subtitle_color=&#8221;true&#8221; custom_content_color=&#8221;true&#8221;][wgl_spacing spacer_size=&#8221;30px&#8221;][\/vc_column_inner][vc_column_inner width=&#8221;1\/2&#8243; offset=&#8221;vc_col-md-offset-0 vc_col-md-4 vc_col-sm-offset-3&#8243;][wgl_info_box ib_type=&#8221;fill&#8221; ib_align=&#8221;center&#8221; icon_type=&#8221;font&#8221; icon_font_type=&#8221;type_flaticon&#8221; icon_flaticon=&#8221;flaticon-chess-1&#8243; icon_bg_color_hover=&#8221;#ffffff&#8221; title_tag=&#8221;h2&#8243; title_color=&#8221;#13557f&#8221; content_color=&#8221;#ffffff&#8221; ib_title=&#8221;Notre engagement&#8221; ib_content=&#8221;Constuire un congo meilleur.&#8221; custom_icon_size=&#8221;51&#8243; custom_icon_radius=&#8221;55&#8243; custom_icon_bg_color=&#8221;true&#8221; custom_icon_bg_width=&#8221;92&#8243; custom_icon_bg_height=&#8221;92&#8243; custom_title_color=&#8221;true&#8221; custom_content_color=&#8221;true&#8221;][wgl_spacing spacer_size=&#8221;30px&#8221;][\/vc_column_inner][\/vc_row_inner][wgl_spacing spacer_size=&#8221;30&#8243;][\/vc_column][\/vc_row][vc_row full_width=&#8221;stretch_row&#8221; content_placement=&#8221;bottom&#8221; css=&#8221;.vc_custom_1541413234918{background-image: url(https:\/\/cimko.dhaliadev.com\/wp-content\/uploads\/2018\/11\/section_bg-1.jpg?id=562) !important;background-position: center !important;background-repeat: no-repeat !important;background-size: cover !important;}&#8221;][vc_column width=&#8221;1\/2&#8243;][wgl_spacing spacer_size=&#8221;30px&#8221;][wgl_double_headings title_color=&#8221;#151515&#8243; subtitle_color=&#8221;#22a2d1&#8243; title=&#8221;Une soci\u00e9t\u00e9 \u00e0 fort impact sur la RDC&#8221; subtitle=&#8221;Une passion pour les r\u00e9sultats&#8221; responsive_font=&#8221;true&#8221; font_size_mobile=&#8221;35&#8243;][wgl_spacing spacer_size=&#8221;24&#8243;][vc_column_text]\n<blockquote><p>PLAN ECONOMIQUE<\/p><\/blockquote>\n<ul>\n<li>Contribuer au d\u00e9veloppement de la RDC en cr\u00e9ant de l\u2019emploi.<\/li>\n<li>D\u00e9vernir l\u2019entreprise de r\u00e9f\u00e9rence en produisant le meilleur ciment.<\/li>\n<li>Stabiliser le prix du ciment en permettant \u00e0 tout le monde de b\u00e2tir et finaliser ses constructions.<\/li>\n<\/ul>\n<blockquote>\n<h4 class=\"et_pb_module_header\"><span>PLAN SOCIAL<\/span><\/h4>\n<\/blockquote>\n<ul>\n<li>R\u00e9pondre aux normes et standards internationaux de s\u00e9curit\u00e9 sociale et de protection des droits humains.<\/li>\n<li>Am\u00e9liorer le niveau de vie de l\u2019environnement en diversifiant les sources de revenus.<\/li>\n<li>Renforcer les capacit\u00e9s des m\u00e9nages dans le domaine de la gestion.<\/li>\n<li>Garantir l\u2019\u00e9ducation, la sant\u00e9 et le d\u00e9veloppement de la communaut\u00e9 locale.<\/li>\n<\/ul>\n<div class=\"et_pb_blurb_description\"><\/div>\n[\/vc_column_text][wgl_spacing spacer_size=&#8221;40&#8243;][wgl_spacing spacer_size=&#8221;120&#8243; screen_desktops=&#8221;1200&#8243; screen_tablet=&#8221;767&#8243; responsive_desktop=&#8221;true&#8221; size_desktops=&#8221;55&#8243; responsive_tablet=&#8221;true&#8221; size_tablet=&#8221;15&#8243;][\/vc_column][vc_column width=&#8221;1\/2&#8243;][vc_column_text]<img decoding=\"async\" loading=\"lazy\" class=\"alignnone size-full wp-image-230091\" src=\"https:\/\/cimko.cd\/wp-content\/uploads\/2021\/08\/DSC_5643.png\" alt=\"\" width=\"3200\" height=\"4800\" \/>[\/vc_column_text][wgl_spacing spacer_size=&#8221;1&#8243;][\/vc_column][\/vc_row][vc_row full_width=&#8221;stretch_row_content_no_spaces&#8221; content_placement=&#8221;middle&#8221; css=&#8221;.vc_custom_1629364775519{background: #13557f url(https:\/\/cimko.cd\/wp-content\/uploads\/2021\/08\/DSC_5861-scaled-darken.jpg?id=229957) !important;}&#8221;][vc_column width=&#8221;1\/2&#8243; offset=&#8221;vc_col-lg-4 vc_hidden-md vc_hidden-sm vc_hidden-xs&#8221; css=&#8221;.vc_custom_1541428193407{padding-top: 0px !important;background-image: url(https:\/\/cimko.dhaliadev.com\/wp-content\/uploads\/2018\/11\/section_04.jpg?id=579) !important;background-position: center !important;background-repeat: no-repeat !important;background-size: cover !important;}&#8221;][wgl_spacing spacer_size=&#8221;22&#8243;][vc_column_text]<img decoding=\"async\" loading=\"lazy\" class=\"alignnone size-full wp-image-229890\" src=\"https:\/\/cimko.cd\/wp-content\/uploads\/2021\/08\/3D-sac-all-C0002.png\" alt=\"\" width=\"4960\" height=\"3507\" srcset=\"https:\/\/cimko.cd\/wp-content\/uploads\/2021\/08\/3D-sac-all-C0002.png 4960w, https:\/\/cimko.cd\/wp-content\/uploads\/2021\/08\/3D-sac-all-C0002-300x212.png 300w, https:\/\/cimko.cd\/wp-content\/uploads\/2021\/08\/3D-sac-all-C0002-1024x724.png 1024w, https:\/\/cimko.cd\/wp-content\/uploads\/2021\/08\/3D-sac-all-C0002-768x543.png 768w, https:\/\/cimko.cd\/wp-content\/uploads\/2021\/08\/3D-sac-all-C0002-1536x1086.png 1536w, https:\/\/cimko.cd\/wp-content\/uploads\/2021\/08\/3D-sac-all-C0002-2048x1448.png 2048w, https:\/\/cimko.cd\/wp-content\/uploads\/2021\/08\/3D-sac-all-C0002-1080x764.png 1080w\" sizes=\"(max-width: 4960px) 100vw, 4960px\" \/>[\/vc_column_text][\/vc_column][vc_column offset=&#8221;vc_col-lg-offset-2 vc_col-lg-4 vc_col-md-offset-1 vc_col-md-10&#8243; css=&#8221;.vc_custom_1541428582726{padding-top: 0px !important;padding-right: 15px !important;padding-left: 15px !important;}&#8221;][vc_row_inner][vc_column_inner offset=&#8221;vc_col-lg-10&#8243;][wgl_spacing spacer_size=&#8221;80&#8243;][wgl_double_headings title_color=&#8221;#ffffff&#8221; subtitle_color=&#8221;#22a2d1&#8243; title=&#8221;Pourquoi Nous Choisir&#8221; subtitle=&#8221;Notre B\u00e9n\u00e9fice&#8221; custom_title_color=&#8221;true&#8221; responsive_font=&#8221;true&#8221; font_size_mobile=&#8221;31&#8243;][wgl_spacing spacer_size=&#8221;24&#8243;][vc_column_text]\n<ul>\n<li><span style=\"color: #ffffff;\"><strong><span style=\"font-family: aler_lite;\">Rapidit\u00e9 dans le traitement de vos livraisons<\/span><\/strong><\/span><\/li>\n<li><span style=\"color: #ffffff;\"><strong><span style=\"font-family: aler_lite;\">Nous travaillons 24h\/24 et 7j\/7, non stop !<\/span><\/strong><\/span><\/li>\n<li><span style=\"color: #ffffff;\"><strong><span style=\"font-family: aler_lite;\">Nous produisons plus de 2000 \u00e0 3000T\/ jours<\/span><\/strong><\/span><\/li>\n<li><span style=\"color: #ffffff;\"><strong><span style=\"font-family: aler_lite;\">Toute demande est trait\u00e9e avec une extr\u00eame importance car notre devise est : Le client est ROI<\/span><\/strong><\/span><\/li>\n<\/ul>\n[\/vc_column_text][\/vc_column_inner][\/vc_row_inner][\/vc_column][\/vc_row]\n","protected":false},"excerpt":{"rendered":"<p>[vc_row el_class=&#8221;overlay-responsive-1&#8243; css=&#8221;.vc_custom_1541574243236{margin-bottom: -210px !important;}&#8221;][vc_column][wgl_double_headings align=&#8221;center&#8221; title_color=&#8221;#151515&#8243; subtitle_color=&#8221;#22a2d1&#8243; title=&#8221;Ce qui Nous Rend Unique&#8221; subtitle=&#8221;A Propos de nous&#8221;][wgl_spacing spacer_size=&#8221;24&#8243;][vc_row_inner][vc_column_inner offset=&#8221;vc_col-lg-offset-1 vc_col-lg-10&#8243;][vc_column_text] Construite dans la province du Kongo Central entre Kinshasa et Matadi au terme d\u2019un chantier qui aura dur\u00e9 2 ans, CIMKO est l\u2019un des nouveaux acteurs de r\u00e9f\u00e9rence. L\u2019usine est situ\u00e9e \u00e0 250 kilom\u00e8tres de [&hellip;]<\/p>\n","protected":false},"author":1,"featured_media":0,"parent":0,"menu_order":0,"comment_status":"closed","ping_status":"closed","template":"","meta":[],"yoast_head":"<!-- This site is optimized with the Yoast SEO plugin v20.4 - https:\/\/yoast.com\/wordpress\/plugins\/seo\/ -->\n<title>A Propos de nous - cimko<\/title>\n<meta name=\"robots\" content=\"index, follow, max-snippet:-1, max-image-preview:large, max-video-preview:-1\" \/>\n<link rel=\"canonical\" href=\"https:\/\/cimko.cd\/?page_id=229710\" \/>\n<meta property=\"og:locale\" content=\"fr_FR\" \/>\n<meta property=\"og:type\" content=\"article\" \/>\n<meta property=\"og:title\" content=\"A Propos de nous - cimko\" \/>\n<meta property=\"og:description\" content=\"[vc_row el_class=&#8221;overlay-responsive-1&#8243; css=&#8221;.vc_custom_1541574243236{margin-bottom: -210px !important;}&#8221;][vc_column][wgl_double_headings align=&#8221;center&#8221; title_color=&#8221;#151515&#8243; subtitle_color=&#8221;#22a2d1&#8243; title=&#8221;Ce qui Nous Rend Unique&#8221; subtitle=&#8221;A Propos de nous&#8221;][wgl_spacing spacer_size=&#8221;24&#8243;][vc_row_inner][vc_column_inner offset=&#8221;vc_col-lg-offset-1 vc_col-lg-10&#8243;][vc_column_text] Construite dans la province du Kongo Central entre Kinshasa et Matadi au terme d\u2019un chantier qui aura dur\u00e9 2 ans, CIMKO est l\u2019un des nouveaux acteurs de r\u00e9f\u00e9rence. L\u2019usine est situ\u00e9e \u00e0 250 kilom\u00e8tres de [&hellip;]\" \/>\n<meta property=\"og:url\" content=\"https:\/\/cimko.cd\/?page_id=229710\" \/>\n<meta property=\"og:site_name\" content=\"cimko\" \/>\n<meta property=\"article:publisher\" content=\"https:\/\/web.facebook.com\/CimenterieKongo?_rdc=1&amp;amp%3bamp%3bamp%3bamp%3bamp%3bamp%3bamp%3bamp%3bamp%3bamp%3b_rdr\" \/>\n<meta property=\"article:modified_time\" content=\"2021-09-02T12:12:10+00:00\" \/>\n<meta property=\"og:image\" content=\"https:\/\/cimko.cd\/wp-content\/uploads\/2021\/08\/DSC_5643.png\" \/>\n<meta name=\"twitter:card\" content=\"summary_large_image\" \/>\n<meta name=\"twitter:site\" content=\"@CimkoRdc\" \/>\n<meta name=\"twitter:label1\" content=\"Dur\u00e9e de lecture estim\u00e9e\" \/>\n\t<meta name=\"twitter:data1\" content=\"3 minutes\" \/>\n<script type=\"application\/ld+json\" class=\"yoast-schema-graph\">{\"@context\":\"https:\/\/schema.org\",\"@graph\":[{\"@type\":\"WebPage\",\"@id\":\"https:\/\/cimko.cd\/?page_id=229710\",\"url\":\"https:\/\/cimko.cd\/?page_id=229710\",\"name\":\"A Propos de nous - cimko\",\"isPartOf\":{\"@id\":\"https:\/\/cimko.cd\/#website\"},\"datePublished\":\"2018-11-05T08:57:42+00:00\",\"dateModified\":\"2021-09-02T12:12:10+00:00\",\"breadcrumb\":{\"@id\":\"https:\/\/cimko.cd\/?page_id=229710#breadcrumb\"},\"inLanguage\":\"fr-FR\",\"potentialAction\":[{\"@type\":\"ReadAction\",\"target\":[\"https:\/\/cimko.cd\/?page_id=229710\"]}]},{\"@type\":\"BreadcrumbList\",\"@id\":\"https:\/\/cimko.cd\/?page_id=229710#breadcrumb\",\"itemListElement\":[{\"@type\":\"ListItem\",\"position\":1,\"name\":\"Accueil\",\"item\":\"https:\/\/cimko.cd\/\"},{\"@type\":\"ListItem\",\"position\":2,\"name\":\"A Propos de nous\"}]},{\"@type\":\"WebSite\",\"@id\":\"https:\/\/cimko.cd\/#website\",\"url\":\"https:\/\/cimko.cd\/\",\"name\":\"cimko\",\"description\":\"Construire un congo meilleur\",\"publisher\":{\"@id\":\"https:\/\/cimko.cd\/#organization\"},\"potentialAction\":[{\"@type\":\"SearchAction\",\"target\":{\"@type\":\"EntryPoint\",\"urlTemplate\":\"https:\/\/cimko.cd\/?s={search_term_string}\"},\"query-input\":\"required name=search_term_string\"}],\"inLanguage\":\"fr-FR\"},{\"@type\":\"Organization\",\"@id\":\"https:\/\/cimko.cd\/#organization\",\"name\":\"Cimko\",\"url\":\"https:\/\/cimko.cd\/\",\"logo\":{\"@type\":\"ImageObject\",\"inLanguage\":\"fr-FR\",\"@id\":\"https:\/\/cimko.cd\/#\/schema\/logo\/image\/\",\"url\":\"https:\/\/cimko.cd\/wp-content\/uploads\/2021\/04\/logo.png\",\"contentUrl\":\"https:\/\/cimko.cd\/wp-content\/uploads\/2021\/04\/logo.png\",\"width\":225,\"height\":225,\"caption\":\"Cimko\"},\"image\":{\"@id\":\"https:\/\/cimko.cd\/#\/schema\/logo\/image\/\"},\"sameAs\":[\"https:\/\/web.facebook.com\/CimenterieKongo?_rdc=1&amp;amp;amp;amp;amp;amp;amp;amp;amp;amp;_rdr\",\"https:\/\/twitter.com\/CimkoRdc\",\"https:\/\/www.youtube.com\/channel\/UCtV0Hd19dUoDn7rE5Xv580A\"]}]}<\/script>\n<!-- \/ Yoast SEO plugin. -->","yoast_head_json":{"title":"A Propos de nous - cimko","robots":{"index":"index","follow":"follow","max-snippet":"max-snippet:-1","max-image-preview":"max-image-preview:large","max-video-preview":"max-video-preview:-1"},"canonical":"https:\/\/cimko.cd\/?page_id=229710","og_locale":"fr_FR","og_type":"article","og_title":"A Propos de nous - cimko","og_description":"[vc_row el_class=&#8221;overlay-responsive-1&#8243; css=&#8221;.vc_custom_1541574243236{margin-bottom: -210px !important;}&#8221;][vc_column][wgl_double_headings align=&#8221;center&#8221; title_color=&#8221;#151515&#8243; subtitle_color=&#8221;#22a2d1&#8243; title=&#8221;Ce qui Nous Rend Unique&#8221; subtitle=&#8221;A Propos de nous&#8221;][wgl_spacing spacer_size=&#8221;24&#8243;][vc_row_inner][vc_column_inner offset=&#8221;vc_col-lg-offset-1 vc_col-lg-10&#8243;][vc_column_text] Construite dans la province du Kongo Central entre Kinshasa et Matadi au terme d\u2019un chantier qui aura dur\u00e9 2 ans, CIMKO est l\u2019un des nouveaux acteurs de r\u00e9f\u00e9rence. L\u2019usine est situ\u00e9e \u00e0 250 kilom\u00e8tres de [&hellip;]","og_url":"https:\/\/cimko.cd\/?page_id=229710","og_site_name":"cimko","article_publisher":"https:\/\/web.facebook.com\/CimenterieKongo?_rdc=1&amp%3bamp%3bamp%3bamp%3bamp%3bamp%3bamp%3bamp%3bamp%3bamp%3b_rdr","article_modified_time":"2021-09-02T12:12:10+00:00","og_image":[{"url":"https:\/\/cimko.cd\/wp-content\/uploads\/2021\/08\/DSC_5643.png"}],"twitter_card":"summary_large_image","twitter_site":"@CimkoRdc","twitter_misc":{"Dur\u00e9e de lecture estim\u00e9e":"3 minutes"},"schema":{"@context":"https:\/\/schema.org","@graph":[{"@type":"WebPage","@id":"https:\/\/cimko.cd\/?page_id=229710","url":"https:\/\/cimko.cd\/?page_id=229710","name":"A Propos de nous - cimko","isPartOf":{"@id":"https:\/\/cimko.cd\/#website"},"datePublished":"2018-11-05T08:57:42+00:00","dateModified":"2021-09-02T12:12:10+00:00","breadcrumb":{"@id":"https:\/\/cimko.cd\/?page_id=229710#breadcrumb"},"inLanguage":"fr-FR","potentialAction":[{"@type":"ReadAction","target":["https:\/\/cimko.cd\/?page_id=229710"]}]},{"@type":"BreadcrumbList","@id":"https:\/\/cimko.cd\/?page_id=229710#breadcrumb","itemListElement":[{"@type":"ListItem","position":1,"name":"Accueil","item":"https:\/\/cimko.cd\/"},{"@type":"ListItem","position":2,"name":"A Propos de nous"}]},{"@type":"WebSite","@id":"https:\/\/cimko.cd\/#website","url":"https:\/\/cimko.cd\/","name":"cimko","description":"Construire un congo meilleur","publisher":{"@id":"https:\/\/cimko.cd\/#organization"},"potentialAction":[{"@type":"SearchAction","target":{"@type":"EntryPoint","urlTemplate":"https:\/\/cimko.cd\/?s={search_term_string}"},"query-input":"required name=search_term_string"}],"inLanguage":"fr-FR"},{"@type":"Organization","@id":"https:\/\/cimko.cd\/#organization","name":"Cimko","url":"https:\/\/cimko.cd\/","logo":{"@type":"ImageObject","inLanguage":"fr-FR","@id":"https:\/\/cimko.cd\/#\/schema\/logo\/image\/","url":"https:\/\/cimko.cd\/wp-content\/uploads\/2021\/04\/logo.png","contentUrl":"https:\/\/cimko.cd\/wp-content\/uploads\/2021\/04\/logo.png","width":225,"height":225,"caption":"Cimko"},"image":{"@id":"https:\/\/cimko.cd\/#\/schema\/logo\/image\/"},"sameAs":["https:\/\/web.facebook.com\/CimenterieKongo?_rdc=1&amp;amp;amp;amp;amp;amp;amp;amp;amp;amp;_rdr","https:\/\/twitter.com\/CimkoRdc","https:\/\/www.youtube.com\/channel\/UCtV0Hd19dUoDn7rE5Xv580A"]}]}},"_links":{"self":[{"href":"https:\/\/cimko.cd\/index.php?rest_route=\/wp\/v2\/pages\/229710"}],"collection":[{"href":"https:\/\/cimko.cd\/index.php?rest_route=\/wp\/v2\/pages"}],"about":[{"href":"https:\/\/cimko.cd\/index.php?rest_route=\/wp\/v2\/types\/page"}],"author":[{"embeddable":true,"href":"https:\/\/cimko.cd\/index.php?rest_route=\/wp\/v2\/users\/1"}],"replies":[{"embeddable":true,"href":"https:\/\/cimko.cd\/index.php?rest_route=%2Fwp%2Fv2%2Fcomments&post=229710"}],"version-history":[{"count":23,"href":"https:\/\/cimko.cd\/index.php?rest_route=\/wp\/v2\/pages\/229710\/revisions"}],"predecessor-version":[{"id":230198,"href":"https:\/\/cimko.cd\/index.php?rest_route=\/wp\/v2\/pages\/229710\/revisions\/230198"}],"wp:attachment":[{"href":"https:\/\/cimko.cd\/index.php?rest_route=%2Fwp%2Fv2%2Fmedia&parent=229710"}],"curies":[{"name":"wp","href":"https:\/\/api.w.org\/{rel}","templated":true}]}}